{"id":10124,"date":"2020-08-26T08:53:01","date_gmt":"2020-08-26T07:53:01","guid":{"rendered":"https:\/\/northernwebdesign.co.uk\/tenerifevape\/?post_type=product&#038;p=10124"},"modified":"2022-08-16T16:45:42","modified_gmt":"2022-08-16T15:45:42","slug":"aspire-nautilus-gt-mini-negro","status":"publish","type":"product","link":"https:\/\/northernwebdesign.co.uk\/tenerifevape\/product\/aspire-nautilus-gt-mini-negro\/","title":{"rendered":"Nautilus GT Mini (Negro) | Aspire"},"content":{"rendered":"<p><strong>Caracter\u00edsticas<\/strong>:<br \/>\nDimensiones: 22\u00a0x 54mm<br \/>\nMaterial: Acero Inoxidable<br \/>\nDrip tip: 510. Material PCTG para SS y POM para Black<br \/>\nCapacidad: 2ml<br \/>\nRellenado: Rellenado superior<br \/>\nFlujo de aire: Flujo de aire inferior hasta 5 opciones<br \/>\nResistencias : Nautilus BVC 1.6ohm y Nautilus 2S Mesh 0.7ohm<br \/>\nCompatible con todas las resistencias de la serie Nautilus BVC y Mesh<br \/>\nDise\u00f1ado por Taifun, hecho por Aspire<br \/>\nDise\u00f1o tradicional de Taifun moleteada para una mayor fricci\u00f3n<\/p>\n<p><strong>Contenido<\/strong>:<br \/>\n1x Aspire Nautilus GT Mini Tank 2ml<br \/>\n2x Aspire Nautilus BVC 1.6ohm coil<br \/>\n1x Aspire Nautilus 2S Mesh 0.7ohm coil (Preinstalado)<br \/>\n1x Set de juntas t\u00f3ricas<br \/>\n1x Manual de usuario<\/p>\n","protected":false},"excerpt":{"rendered":"<p>Entre la colaboraci\u00f3n de Aspire y Taifun nos presenta un tanque colosal, Nautilus GT Mini. Con un di\u00e1metro de tan solo 22mm y con 5 opciones de ajuste de entrada de aire (1mm, 1.2mm, 1.8mm y 2.5mm). Es compatible con todas las resistencias de\u00a0la serie Nautilus BVC y Mesh que proporcionan una experiencia MTL de primera calidad y un disfrute extremo del sabor. Viene con una elegante funda met\u00e1lica que ayuda a proteger el cristal y un rellenado superior conviniente. Incorpora un material de hardware de base m\u00e1s grueso. que coincide con el canal de aire\u00a0oblicuo, lo que permite que el aire entre directamente sin p\u00e9rdidas asegurando un sabor m\u00e1s rico y consistente. Tambi\u00e9n el grueso acero inoxidable del tanque permite que se enfr\u00ede r\u00e1pidamente y evita que se caliente.\u00a0Hay que destacar el\u00a0cambio de resistencias f\u00e1cil minimizando las\u00a0fugas de e-l\u00edquido, solamente hay que\u00a0poner boca bajo el tanque,\u00a0desenroscar la base y reemplazarla por una nueva. Si buscas un tanque convencional MTL, sin duda Nautilus GT Mini es ideal tanto dise\u00f1o y funcionamiento.<\/p>\n","protected":false},"featured_media":41227,"comment_status":"open","ping_status":"closed","template":"","meta":[],"product_cat":[2987,3027],"product_tag":[],"yst_prominent_words":[629,1000,933,1002,1035,1319,627,619],"supplier_id":null,"supplier_sku":"","barcode":null,"atum_controlled":true,"out_stock_date":null,"out_stock_threshold":null,"inheritable":false,"inbound_stock":0,"stock_on_hold":0,"sold_today":0,"sales_last_days":0,"reserved_stock":0,"customer_returns":0,"warehouse_damage":0,"lost_in_post":0,"other_logs":0,"out_stock_days":0,"lost_sales":0,"has_location":false,"update_date":"2026-04-21T17:26:21","atum_locations":[],"atum_stock_status":"instock","restock_status":false,"low_stock_amount":0,"sales_update_date":"2026-04-21T17:26:21","wcpa_form_fields":null,"_links":{"self":[{"href":"https:\/\/northernwebdesign.co.uk\/tenerifevape\/wp-json\/wp\/v2\/product\/10124"}],"collection":[{"href":"https:\/\/northernwebdesign.co.uk\/tenerifevape\/wp-json\/wp\/v2\/product"}],"about":[{"href":"https:\/\/northernwebdesign.co.uk\/tenerifevape\/wp-json\/wp\/v2\/types\/product"}],"replies":[{"embeddable":true,"href":"https:\/\/northernwebdesign.co.uk\/tenerifevape\/wp-json\/wp\/v2\/comments?post=10124"}],"wp:featuredmedia":[{"embeddable":true,"href":"https:\/\/northernwebdesign.co.uk\/tenerifevape\/wp-json\/wp\/v2\/media\/41227"}],"wp:attachment":[{"href":"https:\/\/northernwebdesign.co.uk\/tenerifevape\/wp-json\/wp\/v2\/media?parent=10124"}],"wp:term":[{"taxonomy":"product_cat","embeddable":true,"href":"https:\/\/northernwebdesign.co.uk\/tenerifevape\/wp-json\/wp\/v2\/product_cat?post=10124"},{"taxonomy":"product_tag","embeddable":true,"href":"https:\/\/northernwebdesign.co.uk\/tenerifevape\/wp-json\/wp\/v2\/product_tag?post=10124"},{"taxonomy":"yst_prominent_words","embeddable":true,"href":"https:\/\/northernwebdesign.co.uk\/tenerifevape\/wp-json\/wp\/v2\/yst_prominent_words?post=10124"}],"curies":[{"name":"wp","href":"https:\/\/api.w.org\/{rel}","templated":true}]}}