{"id":10720,"date":"2021-05-27T10:12:21","date_gmt":"2021-05-27T09:12:21","guid":{"rendered":"https:\/\/northernwebdesign.co.uk\/tenerifevape\/?post_type=product&#038;p=10720"},"modified":"2022-08-16T18:12:54","modified_gmt":"2022-08-16T17:12:54","slug":"kilo-vanilla-almond-milk-v2-100ml-0mg","status":"publish","type":"product","link":"https:\/\/northernwebdesign.co.uk\/tenerifevape\/product\/kilo-vanilla-almond-milk-v2-100ml-0mg\/","title":{"rendered":"Vanilla Almond Milk V2 | 100ml | KILO"},"content":{"rendered":"","protected":false},"excerpt":{"rendered":"<p><span id=\"result_box\" lang=\"es\" xml:lang=\"es\"><span lang=\"es\" xml:lang=\"es\">Crema de almendras tostadas acompa\u00f1ada de leche caliente y un toque de vainilla cremosa.<\/span><\/span><\/p>\n<p><span lang=\"es\" xml:lang=\"es\">Kilo nos presenta nuevas recetas para sus sabores m\u00e1s conocidos e incluso alguna nueva, con m\u00e1s sabor y m\u00e1s concentrados.<\/span><\/p>\n<p>\u00a1Disfruta m\u00e1s que nunca de sus extraordinarios sabores!<\/p>\n<p><strong>Bote:<\/strong>\u00a0100ml<\/p>\n<p><strong>PG\/VG :<\/strong> 30\/70 &#8211; 0mg Nicotina<\/p>\n","protected":false},"featured_media":41331,"comment_status":"open","ping_status":"closed","template":"","meta":[],"product_cat":[3001,2992,2985,3030],"product_tag":[1504,1427,1423],"yst_prominent_words":[],"supplier_id":null,"supplier_sku":"","barcode":null,"atum_controlled":true,"out_stock_date":"2022-08-13 09:37:08","out_stock_threshold":null,"inheritable":false,"inbound_stock":0,"stock_on_hold":0,"sold_today":0,"sales_last_days":0,"reserved_stock":0,"customer_returns":0,"warehouse_damage":0,"lost_in_post":0,"other_logs":0,"out_stock_days":1348,"lost_sales":0,"has_location":false,"update_date":"2026-04-22T17:26:42","atum_locations":[],"atum_stock_status":"outofstock","restock_status":false,"low_stock_amount":0,"sales_update_date":"2026-04-22T17:26:42","wcpa_form_fields":{"rules":{"pric_overide_base_price":false,"pric_overide_base_price_if_gt_zero":false,"pric_overide_base_price_fully":false,"pric_cal_option_once":false,"pric_use_as_fee":true,"bind_quantity":false,"quantity_bind_formula":false},"fields":[{"type":"select","required":true,"elementId":"wcpa-select-1573906300310","label":"Nicokit","enablePrice":true,"priceOptions":"different_for_all","pricingType":"fixed","use_as_fee":true,"className":"form-control","name":"select-1573906300310","cl_rule":"show","col":6,"values":[{"label":"+ 0 Nicokit","value":"0.00","price":"0.00","pimage":"","pimage_id":"","pthumb":"","selected":true},{"label":"+ 1 Nicokit","value":"0.75","price":"0.75","pimage":"","pimage_id":"","pthumb":""},{"label":"+ 2 Nicokit","value":"1.50","price":"1.50","pimage":"","pimage_id":"","pthumb":""},{"label":"+ 3 Nicokit","value":"2.25","price":"2.25","pimage":"","pimage_id":"","pthumb":""},{"label":"+ 4 Nicokit","value":"3.00","price":"3.00","pimage":"","pimage_id":"","pthumb":""}],"relations":false,"price":0,"form_id":8641,"form_rules":{"pric_cal_option_once":false,"exclude_from_discount":false,"pric_use_as_fee":false,"fee_label":"","render_after_acb":false,"disp_hide_options_price":false}}]},"_links":{"self":[{"href":"https:\/\/northernwebdesign.co.uk\/tenerifevape\/wp-json\/wp\/v2\/product\/10720"}],"collection":[{"href":"https:\/\/northernwebdesign.co.uk\/tenerifevape\/wp-json\/wp\/v2\/product"}],"about":[{"href":"https:\/\/northernwebdesign.co.uk\/tenerifevape\/wp-json\/wp\/v2\/types\/product"}],"replies":[{"embeddable":true,"href":"https:\/\/northernwebdesign.co.uk\/tenerifevape\/wp-json\/wp\/v2\/comments?post=10720"}],"wp:featuredmedia":[{"embeddable":true,"href":"https:\/\/northernwebdesign.co.uk\/tenerifevape\/wp-json\/wp\/v2\/media\/41331"}],"wp:attachment":[{"href":"https:\/\/northernwebdesign.co.uk\/tenerifevape\/wp-json\/wp\/v2\/media?parent=10720"}],"wp:term":[{"taxonomy":"product_cat","embeddable":true,"href":"https:\/\/northernwebdesign.co.uk\/tenerifevape\/wp-json\/wp\/v2\/product_cat?post=10720"},{"taxonomy":"product_tag","embeddable":true,"href":"https:\/\/northernwebdesign.co.uk\/tenerifevape\/wp-json\/wp\/v2\/product_tag?post=10720"},{"taxonomy":"yst_prominent_words","embeddable":true,"href":"https:\/\/northernwebdesign.co.uk\/tenerifevape\/wp-json\/wp\/v2\/yst_prominent_words?post=10720"}],"curies":[{"name":"wp","href":"https:\/\/api.w.org\/{rel}","templated":true}]}}