{"id":12376,"date":"2022-04-30T16:28:01","date_gmt":"2022-04-30T15:28:01","guid":{"rendered":"https:\/\/northernwebdesign.co.uk\/tenerifevape\/?post_type=product&#038;p=12376"},"modified":"2022-08-16T16:46:12","modified_gmt":"2022-08-16T15:46:12","slug":"just-fog-claromizador-q16","status":"publish","type":"product","link":"https:\/\/northernwebdesign.co.uk\/tenerifevape\/product\/just-fog-claromizador-q16\/","title":{"rendered":"Claromizador Q16 Just Fog | Just Fog"},"content":{"rendered":"<h3 dir=\"ltr\"><strong>Caracter\u00edsticas:<\/strong><\/h3>\n<ul>\n<li>Resistencia: 1,6ohm<\/li>\n<li>Bobina del cilindro: Algod\u00f3n org\u00e1nico<\/li>\n<li>Voltajes de recomendaci\u00f3n: 3,4V-4,4 (6W-12W)<\/li>\n<li>Dimensiones: 16 mm \/ 60mm<\/li>\n<li>Capacidad: 1,9ml<\/li>\n<li>Compatibilidad de la bater\u00eda: 510 eGo<\/li>\n<li>Peso: 23,8g<\/li>\n<\/ul>\n<p>&nbsp;<\/p>\n","protected":false},"excerpt":{"rendered":"<p>El\u00a0<strong>Justfog Claromizador Q16,<\/strong>\u00a0este claromizador cuenta con el\u00a0<strong>sistema Star-shield<\/strong>\u00a0que bloquea cualquier salpicadura de l\u00edquido a la hora de dar la calada.<\/p>\n<p>Tubo de vidrio Pyrex con alta durabilidad y resistencia de algod\u00f3n org\u00e1nico 100% japones color marfil claro. Resistencia de alambre de n\u00edquel de grado uno, tratada en la superficie con una gran durabilidad.\u00a0Ofrece excelentes sabores desde bajos a altos voltajes de bater\u00eda.\u00a0Protector doble para el cortocircuito de la resistencia.<\/p>\n<p>Perfecta compatibilidad con todos los tipos de bater\u00eda.<\/p>\n","protected":false},"featured_media":41502,"comment_status":"open","ping_status":"closed","template":"","meta":[],"product_cat":[2987,3027],"product_tag":[],"yst_prominent_words":[410],"supplier_id":null,"supplier_sku":"","barcode":null,"atum_controlled":true,"out_stock_date":null,"out_stock_threshold":null,"inheritable":false,"inbound_stock":0,"stock_on_hold":0,"sold_today":0,"sales_last_days":0,"reserved_stock":0,"customer_returns":0,"warehouse_damage":0,"lost_in_post":0,"other_logs":0,"out_stock_days":0,"lost_sales":0,"has_location":false,"update_date":"2026-04-21T17:26:26","atum_locations":[],"atum_stock_status":"instock","restock_status":false,"low_stock_amount":0,"sales_update_date":"2026-04-21T17:26:25","wcpa_form_fields":null,"_links":{"self":[{"href":"https:\/\/northernwebdesign.co.uk\/tenerifevape\/wp-json\/wp\/v2\/product\/12376"}],"collection":[{"href":"https:\/\/northernwebdesign.co.uk\/tenerifevape\/wp-json\/wp\/v2\/product"}],"about":[{"href":"https:\/\/northernwebdesign.co.uk\/tenerifevape\/wp-json\/wp\/v2\/types\/product"}],"replies":[{"embeddable":true,"href":"https:\/\/northernwebdesign.co.uk\/tenerifevape\/wp-json\/wp\/v2\/comments?post=12376"}],"wp:featuredmedia":[{"embeddable":true,"href":"https:\/\/northernwebdesign.co.uk\/tenerifevape\/wp-json\/wp\/v2\/media\/41502"}],"wp:attachment":[{"href":"https:\/\/northernwebdesign.co.uk\/tenerifevape\/wp-json\/wp\/v2\/media?parent=12376"}],"wp:term":[{"taxonomy":"product_cat","embeddable":true,"href":"https:\/\/northernwebdesign.co.uk\/tenerifevape\/wp-json\/wp\/v2\/product_cat?post=12376"},{"taxonomy":"product_tag","embeddable":true,"href":"https:\/\/northernwebdesign.co.uk\/tenerifevape\/wp-json\/wp\/v2\/product_tag?post=12376"},{"taxonomy":"yst_prominent_words","embeddable":true,"href":"https:\/\/northernwebdesign.co.uk\/tenerifevape\/wp-json\/wp\/v2\/yst_prominent_words?post=12376"}],"curies":[{"name":"wp","href":"https:\/\/api.w.org\/{rel}","templated":true}]}}