{"id":12607,"date":"2022-05-07T11:17:52","date_gmt":"2022-05-07T10:17:52","guid":{"rendered":"https:\/\/northernwebdesign.co.uk\/tenerifevape\/?post_type=product&#038;p=12607"},"modified":"2022-08-17T14:19:21","modified_gmt":"2022-08-17T13:19:21","slug":"riot-salt-punx-blackcurrant-watermelon-10ml-2","status":"publish","type":"product","link":"https:\/\/northernwebdesign.co.uk\/tenerifevape\/product\/riot-salt-punx-blackcurrant-watermelon-10ml-2\/","title":{"rendered":"Blackcurrant &amp; Watermelon 10ml | PUNX | Riot Salt"},"content":{"rendered":"","protected":false},"excerpt":{"rendered":"<p>El\u00a0<strong>l\u00edquido\u00a0Blackcurrant &amp; Watermelon\u00a0<\/strong>de\u00a0<strong>Riot Squad Punx Salt<\/strong>\u00a0sabe a exquisita bebida refrescante de grosella negra mezclada con una dulce sand\u00eda.<\/p>\n<p>La gama RIOT S:ALT se basa en la nicotina h\u00edbrida, una mezcla \u00fanica e innovadora de sales de nicotina y la base de nicotina convencional. La combinaci\u00f3n de la base de nicotina\u00a0\u00a0<wbr \/>y sales de nicotina\u00a0\u00a0<wbr \/>ofrece la alternativa m\u00e1s realista a un cigarrillo para ayudar a las personas a dejar de fumar con \u00e9xito.<\/p>\n<p>50\/50 (VG\/PG) Nicotina de sales<\/p>\n","protected":false},"featured_media":41514,"comment_status":"open","ping_status":"closed","template":"","meta":[],"product_cat":[3005,3021,2993,2985,3029,3008],"product_tag":[1431,1407],"yst_prominent_words":[],"supplier_id":null,"supplier_sku":"","barcode":null,"atum_controlled":true,"out_stock_date":null,"out_stock_threshold":null,"inheritable":false,"inbound_stock":0,"stock_on_hold":0,"sold_today":0,"sales_last_days":0,"reserved_stock":0,"customer_returns":0,"warehouse_damage":0,"lost_in_post":0,"other_logs":0,"out_stock_days":0,"lost_sales":0,"has_location":false,"update_date":"2026-04-21T17:26:04","atum_locations":[],"atum_stock_status":"instock","restock_status":false,"low_stock_amount":"","sales_update_date":"2026-04-21T17:26:04","wcpa_form_fields":null,"_links":{"self":[{"href":"https:\/\/northernwebdesign.co.uk\/tenerifevape\/wp-json\/wp\/v2\/product\/12607"}],"collection":[{"href":"https:\/\/northernwebdesign.co.uk\/tenerifevape\/wp-json\/wp\/v2\/product"}],"about":[{"href":"https:\/\/northernwebdesign.co.uk\/tenerifevape\/wp-json\/wp\/v2\/types\/product"}],"replies":[{"embeddable":true,"href":"https:\/\/northernwebdesign.co.uk\/tenerifevape\/wp-json\/wp\/v2\/comments?post=12607"}],"wp:featuredmedia":[{"embeddable":true,"href":"https:\/\/northernwebdesign.co.uk\/tenerifevape\/wp-json\/wp\/v2\/media\/41514"}],"wp:attachment":[{"href":"https:\/\/northernwebdesign.co.uk\/tenerifevape\/wp-json\/wp\/v2\/media?parent=12607"}],"wp:term":[{"taxonomy":"product_cat","embeddable":true,"href":"https:\/\/northernwebdesign.co.uk\/tenerifevape\/wp-json\/wp\/v2\/product_cat?post=12607"},{"taxonomy":"product_tag","embeddable":true,"href":"https:\/\/northernwebdesign.co.uk\/tenerifevape\/wp-json\/wp\/v2\/product_tag?post=12607"},{"taxonomy":"yst_prominent_words","embeddable":true,"href":"https:\/\/northernwebdesign.co.uk\/tenerifevape\/wp-json\/wp\/v2\/yst_prominent_words?post=12607"}],"curies":[{"name":"wp","href":"https:\/\/api.w.org\/{rel}","templated":true}]}}