{"id":7804,"date":"2019-08-31T11:43:16","date_gmt":"2019-08-31T10:43:16","guid":{"rendered":"https:\/\/northernwebdesign.co.uk\/tenerifevape\/?post_type=product&#038;p=7804"},"modified":"2022-08-16T16:45:17","modified_gmt":"2022-08-16T15:45:17","slug":"eleaf-istick-tc-40w-plato","status":"publish","type":"product","link":"https:\/\/northernwebdesign.co.uk\/tenerifevape\/product\/eleaf-istick-tc-40w-plato\/","title":{"rendered":"iStick TC 40W (Plato) | Eleaf"},"content":{"rendered":"","protected":false},"excerpt":{"rendered":"<p>El iStick TC40W es la innovaci\u00f3n de la conocida gama iStick de la marca Eleaf (iSmoka) que ahora incluye la nueva funci\u00f3n de control de temperatura. Le dar\u00e1 una \u00fanica sensaci\u00f3n de vapeo sin inhalaciones en \u00abseco\u00bb ya que puede controlar la configuraci\u00f3n de la temperatura. A pesar de su reducido tama\u00f1o, puede producir hasta 40W y la bater\u00eda tiene una capacidad de 2600mAh. Se ha fabricado en acero inoxidable.<\/p>\n","protected":false},"featured_media":41601,"comment_status":"open","ping_status":"closed","template":"","meta":[],"product_cat":[2986],"product_tag":[],"yst_prominent_words":[],"supplier_id":null,"supplier_sku":"","barcode":null,"atum_controlled":true,"out_stock_date":null,"out_stock_threshold":null,"inheritable":false,"inbound_stock":0,"stock_on_hold":0,"sold_today":0,"sales_last_days":0,"reserved_stock":0,"customer_returns":0,"warehouse_damage":0,"lost_in_post":0,"other_logs":0,"out_stock_days":0,"lost_sales":0,"has_location":false,"update_date":"2026-04-22T17:27:27","atum_locations":[],"atum_stock_status":"instock","restock_status":false,"low_stock_amount":0,"sales_update_date":"2026-04-22T17:27:27","wcpa_form_fields":null,"_links":{"self":[{"href":"https:\/\/northernwebdesign.co.uk\/tenerifevape\/wp-json\/wp\/v2\/product\/7804"}],"collection":[{"href":"https:\/\/northernwebdesign.co.uk\/tenerifevape\/wp-json\/wp\/v2\/product"}],"about":[{"href":"https:\/\/northernwebdesign.co.uk\/tenerifevape\/wp-json\/wp\/v2\/types\/product"}],"replies":[{"embeddable":true,"href":"https:\/\/northernwebdesign.co.uk\/tenerifevape\/wp-json\/wp\/v2\/comments?post=7804"}],"wp:featuredmedia":[{"embeddable":true,"href":"https:\/\/northernwebdesign.co.uk\/tenerifevape\/wp-json\/wp\/v2\/media\/41601"}],"wp:attachment":[{"href":"https:\/\/northernwebdesign.co.uk\/tenerifevape\/wp-json\/wp\/v2\/media?parent=7804"}],"wp:term":[{"taxonomy":"product_cat","embeddable":true,"href":"https:\/\/northernwebdesign.co.uk\/tenerifevape\/wp-json\/wp\/v2\/product_cat?post=7804"},{"taxonomy":"product_tag","embeddable":true,"href":"https:\/\/northernwebdesign.co.uk\/tenerifevape\/wp-json\/wp\/v2\/product_tag?post=7804"},{"taxonomy":"yst_prominent_words","embeddable":true,"href":"https:\/\/northernwebdesign.co.uk\/tenerifevape\/wp-json\/wp\/v2\/yst_prominent_words?post=7804"}],"curies":[{"name":"wp","href":"https:\/\/api.w.org\/{rel}","templated":true}]}}